{"id":5293,"date":"2023-08-12T16:55:59","date_gmt":"2023-08-12T14:55:59","guid":{"rendered":"https:\/\/parafiaprzyszowa.pl\/?page_id=5293"},"modified":"2024-08-10T10:49:29","modified_gmt":"2024-08-10T08:49:29","slug":"namaszczenie-chorych","status":"publish","type":"page","link":"https:\/\/parafiaprzyszowa.pl\/index.php\/sakramenty\/namaszczenie-chorych\/","title":{"rendered":"Namaszczenie chorych"},"content":{"rendered":"<p style=\"text-align: justify;\"><strong>Osoby chore lub starsze, kt\u00f3re nie mog\u0105 wychodzi\u0107 z domu, mog\u0105 przyst\u0119powa\u0107 do spowiedzi i przyj\u0105\u0107 Komuni\u0119 \u015bw. w swoim domu.<\/strong><\/p>\n<p>Chorych mo\u017cna zg\u0142asza\u0107 osobi\u015bcie lub telefonicznie.<\/p>\n<p style=\"text-align: justify;\"><strong>Sakramentu namaszczenia chorych udziela si\u0119 osobom chorym, udaj\u0105cym si\u0119 na operacj\u0119, b\u0119d\u0105cym w podesz\u0142ym wieku, a tak\u017ce w ostatniej godzinie \u017cycia. Tak jak pozosta\u0142e sakramenty tak i sakrament namaszczenia przeznaczony jest wy\u0142\u0105cznie dla \u017cyj\u0105cych.<\/strong><\/p>\n<p style=\"text-align: justify;\">Na czas udzielania sakramentu chorych: spowiedzi, Komunii \u015bw. i namaszczenia\u00a0 w mieszkaniu chorego nale\u017cy:<\/p>\n<ul>\n<li>st\u00f3\u0142 lub \u0142aw\u0119, nakry\u0107 bia\u0142ym obrusem;<\/li>\n<li>postawi\u0107 na nim krzy\u017c, jedn\u0105 lub dwie \u015bwieczki;<\/li>\n<li>naczynie z wod\u0105 \u015bwi\u0119con\u0105 i kropid\u0142o;<\/li>\n<li>szklank\u0119 letniej, przegotowanej wody je\u015bli chory ma problemy z prze\u0142ykaniem;<\/li>\n<li>wat\u0119 i spodek.<\/li>\n<\/ul>\n<p style=\"text-align: justify;\">W czasie spowiedzi chorego opuszczamy pok\u00f3j, w kt\u00f3rym si\u0119 znajduje wraz z kap\u0142anem, natomiast w czasie udzielania kolejnych sakrament\u00f3w (namaszczenie, komunia) uczestniczymy pobo\u017cnie w\u00a0 obrz\u0119dach towarzysz\u0105c choremu swoj\u0105 modlitw\u0105.<\/p>\n","protected":false},"excerpt":{"rendered":"<p>Osoby chore lub starsze, kt\u00f3re nie mog\u0105 wychodzi\u0107 z domu, mog\u0105 przyst\u0119powa\u0107 do spowiedzi i przyj\u0105\u0107 Komuni\u0119 \u015bw. w swoim domu. Chorych mo\u017cna zg\u0142asza\u0107 osobi\u015bcie lub telefonicznie. Sakramentu namaszczenia chorych udziela si\u0119 osobom chorym, udaj\u0105cym si\u0119 na operacj\u0119, b\u0119d\u0105cym w podesz\u0142ym wieku, a tak\u017ce w ostatniej godzinie \u017cycia. Tak jak pozosta\u0142e sakramenty tak i sakrament [&hellip;]<\/p>\n","protected":false},"author":2,"featured_media":0,"parent":237,"menu_order":0,"comment_status":"closed","ping_status":"closed","template":"","meta":{"footnotes":""},"class_list":["post-5293","page","type-page","status-publish","hentry"],"yoast_head":"<!-- This site is optimized with the Yoast SEO plugin v20.4 - https:\/\/yoast.com\/wordpress\/plugins\/seo\/ -->\n<title>Namaszczenie chorych - Parafia Przyszowa<\/title>\n<meta name=\"robots\" content=\"index, follow, max-snippet:-1, max-image-preview:large, max-video-preview:-1\" \/>\n<link rel=\"canonical\" href=\"https:\/\/parafiaprzyszowa.pl\/index.php\/sakramenty\/namaszczenie-chorych\/\" \/>\n<meta property=\"og:locale\" content=\"pl_PL\" \/>\n<meta property=\"og:type\" content=\"article\" \/>\n<meta property=\"og:title\" content=\"Namaszczenie chorych - Parafia Przyszowa\" \/>\n<meta property=\"og:description\" content=\"Osoby chore lub starsze, kt\u00f3re nie mog\u0105 wychodzi\u0107 z domu, mog\u0105 przyst\u0119powa\u0107 do spowiedzi i przyj\u0105\u0107 Komuni\u0119 \u015bw. w swoim domu. Chorych mo\u017cna zg\u0142asza\u0107 osobi\u015bcie lub telefonicznie. Sakramentu namaszczenia chorych udziela si\u0119 osobom chorym, udaj\u0105cym si\u0119 na operacj\u0119, b\u0119d\u0105cym w podesz\u0142ym wieku, a tak\u017ce w ostatniej godzinie \u017cycia. Tak jak pozosta\u0142e sakramenty tak i sakrament [&hellip;]\" \/>\n<meta property=\"og:url\" content=\"https:\/\/parafiaprzyszowa.pl\/index.php\/sakramenty\/namaszczenie-chorych\/\" \/>\n<meta property=\"og:site_name\" content=\"Parafia Przyszowa\" \/>\n<meta property=\"article:modified_time\" content=\"2024-08-10T08:49:29+00:00\" \/>\n<meta name=\"twitter:card\" content=\"summary_large_image\" \/>\n<meta name=\"twitter:label1\" content=\"Szacowany czas czytania\" \/>\n\t<meta name=\"twitter:data1\" content=\"1 minuta\" \/>\n<script type=\"application\/ld+json\" class=\"yoast-schema-graph\">{\"@context\":\"https:\/\/schema.org\",\"@graph\":[{\"@type\":\"WebPage\",\"@id\":\"https:\/\/parafiaprzyszowa.pl\/index.php\/sakramenty\/namaszczenie-chorych\/\",\"url\":\"https:\/\/parafiaprzyszowa.pl\/index.php\/sakramenty\/namaszczenie-chorych\/\",\"name\":\"Namaszczenie chorych - Parafia Przyszowa\",\"isPartOf\":{\"@id\":\"https:\/\/parafiaprzyszowa.pl\/#website\"},\"datePublished\":\"2023-08-12T14:55:59+00:00\",\"dateModified\":\"2024-08-10T08:49:29+00:00\",\"breadcrumb\":{\"@id\":\"https:\/\/parafiaprzyszowa.pl\/index.php\/sakramenty\/namaszczenie-chorych\/#breadcrumb\"},\"inLanguage\":\"pl-PL\",\"potentialAction\":[{\"@type\":\"ReadAction\",\"target\":[\"https:\/\/parafiaprzyszowa.pl\/index.php\/sakramenty\/namaszczenie-chorych\/\"]}]},{\"@type\":\"BreadcrumbList\",\"@id\":\"https:\/\/parafiaprzyszowa.pl\/index.php\/sakramenty\/namaszczenie-chorych\/#breadcrumb\",\"itemListElement\":[{\"@type\":\"ListItem\",\"position\":1,\"name\":\"Strona g\u0142\u00f3wna\",\"item\":\"https:\/\/parafiaprzyszowa.pl\/\"},{\"@type\":\"ListItem\",\"position\":2,\"name\":\"Sakramenty\",\"item\":\"https:\/\/parafiaprzyszowa.pl\/index.php\/sakramenty\/\"},{\"@type\":\"ListItem\",\"position\":3,\"name\":\"Namaszczenie chorych\"}]},{\"@type\":\"WebSite\",\"@id\":\"https:\/\/parafiaprzyszowa.pl\/#website\",\"url\":\"https:\/\/parafiaprzyszowa.pl\/\",\"name\":\"Parafia Przyszowa\",\"description\":\"Oficjalna strona Parafii pw. \u015bw. Miko\u0142aja Biskupa w Przyszowej\",\"potentialAction\":[{\"@type\":\"SearchAction\",\"target\":{\"@type\":\"EntryPoint\",\"urlTemplate\":\"https:\/\/parafiaprzyszowa.pl\/?s={search_term_string}\"},\"query-input\":\"required name=search_term_string\"}],\"inLanguage\":\"pl-PL\"}]}<\/script>\n<!-- \/ Yoast SEO plugin. -->","yoast_head_json":{"title":"Namaszczenie chorych - Parafia Przyszowa","robots":{"index":"index","follow":"follow","max-snippet":"max-snippet:-1","max-image-preview":"max-image-preview:large","max-video-preview":"max-video-preview:-1"},"canonical":"https:\/\/parafiaprzyszowa.pl\/index.php\/sakramenty\/namaszczenie-chorych\/","og_locale":"pl_PL","og_type":"article","og_title":"Namaszczenie chorych - Parafia Przyszowa","og_description":"Osoby chore lub starsze, kt\u00f3re nie mog\u0105 wychodzi\u0107 z domu, mog\u0105 przyst\u0119powa\u0107 do spowiedzi i przyj\u0105\u0107 Komuni\u0119 \u015bw. w swoim domu. Chorych mo\u017cna zg\u0142asza\u0107 osobi\u015bcie lub telefonicznie. Sakramentu namaszczenia chorych udziela si\u0119 osobom chorym, udaj\u0105cym si\u0119 na operacj\u0119, b\u0119d\u0105cym w podesz\u0142ym wieku, a tak\u017ce w ostatniej godzinie \u017cycia. Tak jak pozosta\u0142e sakramenty tak i sakrament [&hellip;]","og_url":"https:\/\/parafiaprzyszowa.pl\/index.php\/sakramenty\/namaszczenie-chorych\/","og_site_name":"Parafia Przyszowa","article_modified_time":"2024-08-10T08:49:29+00:00","twitter_card":"summary_large_image","twitter_misc":{"Szacowany czas czytania":"1 minuta"},"schema":{"@context":"https:\/\/schema.org","@graph":[{"@type":"WebPage","@id":"https:\/\/parafiaprzyszowa.pl\/index.php\/sakramenty\/namaszczenie-chorych\/","url":"https:\/\/parafiaprzyszowa.pl\/index.php\/sakramenty\/namaszczenie-chorych\/","name":"Namaszczenie chorych - Parafia Przyszowa","isPartOf":{"@id":"https:\/\/parafiaprzyszowa.pl\/#website"},"datePublished":"2023-08-12T14:55:59+00:00","dateModified":"2024-08-10T08:49:29+00:00","breadcrumb":{"@id":"https:\/\/parafiaprzyszowa.pl\/index.php\/sakramenty\/namaszczenie-chorych\/#breadcrumb"},"inLanguage":"pl-PL","potentialAction":[{"@type":"ReadAction","target":["https:\/\/parafiaprzyszowa.pl\/index.php\/sakramenty\/namaszczenie-chorych\/"]}]},{"@type":"BreadcrumbList","@id":"https:\/\/parafiaprzyszowa.pl\/index.php\/sakramenty\/namaszczenie-chorych\/#breadcrumb","itemListElement":[{"@type":"ListItem","position":1,"name":"Strona g\u0142\u00f3wna","item":"https:\/\/parafiaprzyszowa.pl\/"},{"@type":"ListItem","position":2,"name":"Sakramenty","item":"https:\/\/parafiaprzyszowa.pl\/index.php\/sakramenty\/"},{"@type":"ListItem","position":3,"name":"Namaszczenie chorych"}]},{"@type":"WebSite","@id":"https:\/\/parafiaprzyszowa.pl\/#website","url":"https:\/\/parafiaprzyszowa.pl\/","name":"Parafia Przyszowa","description":"Oficjalna strona Parafii pw. \u015bw. Miko\u0142aja Biskupa w Przyszowej","potentialAction":[{"@type":"SearchAction","target":{"@type":"EntryPoint","urlTemplate":"https:\/\/parafiaprzyszowa.pl\/?s={search_term_string}"},"query-input":"required name=search_term_string"}],"inLanguage":"pl-PL"}]}},"_links":{"self":[{"href":"https:\/\/parafiaprzyszowa.pl\/index.php\/wp-json\/wp\/v2\/pages\/5293","targetHints":{"allow":["GET"]}}],"collection":[{"href":"https:\/\/parafiaprzyszowa.pl\/index.php\/wp-json\/wp\/v2\/pages"}],"about":[{"href":"https:\/\/parafiaprzyszowa.pl\/index.php\/wp-json\/wp\/v2\/types\/page"}],"author":[{"embeddable":true,"href":"https:\/\/parafiaprzyszowa.pl\/index.php\/wp-json\/wp\/v2\/users\/2"}],"replies":[{"embeddable":true,"href":"https:\/\/parafiaprzyszowa.pl\/index.php\/wp-json\/wp\/v2\/comments?post=5293"}],"version-history":[{"count":1,"href":"https:\/\/parafiaprzyszowa.pl\/index.php\/wp-json\/wp\/v2\/pages\/5293\/revisions"}],"predecessor-version":[{"id":5294,"href":"https:\/\/parafiaprzyszowa.pl\/index.php\/wp-json\/wp\/v2\/pages\/5293\/revisions\/5294"}],"up":[{"embeddable":true,"href":"https:\/\/parafiaprzyszowa.pl\/index.php\/wp-json\/wp\/v2\/pages\/237"}],"wp:attachment":[{"href":"https:\/\/parafiaprzyszowa.pl\/index.php\/wp-json\/wp\/v2\/media?parent=5293"}],"curies":[{"name":"wp","href":"https:\/\/api.w.org\/{rel}","templated":true}]}}