{"id":5255,"date":"2023-08-12T13:01:47","date_gmt":"2023-08-12T11:01:47","guid":{"rendered":"https:\/\/parafiaprzyszowa.pl\/?page_id=5255"},"modified":"2024-08-10T10:49:29","modified_gmt":"2024-08-10T08:49:29","slug":"malzenstwo","status":"publish","type":"page","link":"https:\/\/parafiaprzyszowa.pl\/index.php\/sakramenty\/malzenstwo\/","title":{"rendered":"Ma\u0142\u017ce\u0144stwo"},"content":{"rendered":"<p>Konieczna jest wcze\u015bniejsza rezerwacja godziny i daty \u015blubu. Mo\u017cna to zrobi\u0107 telefonicznie (512 979 768) lub osobi\u015bcie w kancelarii parafialnej (kalendarz \u015blub\u00f3w jest dost\u0119pny od wrze\u015bnia na dwa kolejne lata).<\/p>\n<p style=\"text-align: justify;\">Przygotowanie do \u015blubu nale\u017cy rozpocz\u0105\u0107 um\u00f3wieniem telefonicznym pierwszej rozmowy przed\u015blubnej, kt\u00f3ra powinna si\u0119 odby\u0107 <strong>nie p\u00f3\u017aniej ni\u017c 3 miesi\u0105ce przed \u015blubem.<\/strong><\/p>\n<p style=\"text-align: justify;\">Na pierwsz\u0105 rozmow\u0119 przedma\u0142\u017ce\u0144sk\u0105 nale\u017cy zabra\u0107 ze sob\u0105:<\/p>\n<ol style=\"text-align: justify;\">\n<li><strong>Dowody to\u017csamo\u015bci.<\/strong><\/li>\n<li><strong>\u015awiadectwa szkolne<\/strong> z wpisem oceny z religii \/z ostatniej klasy szko\u0142y podstawowej, (gimnazjum) i \u015bredniej\/<\/li>\n<li><strong>\u015awiadectwa uko\u0144czenia katechizacji przedma\u0142\u017ce\u0144skiej<\/strong> \/tzw. kurs przedma\u0142\u017ce\u0144ski\/<\/li>\n<li><strong>\u015awiadectwa chrztu<\/strong> \/w przypadku, gdy kto\u015b by\u0142 ochrzczony\u00a0 poza parafi\u0105 w Przyszowej; wa\u017cne 6 miesi\u0119cy a wi\u0119c wydane nie wcze\u015bniej, ni\u017c\u00a0 3 miesi\u0105ce przed I rozmow\u0105\/.<\/li>\n<li><strong>Zgod\u0119 proboszcza parafii jednego z narzeczonych<\/strong> \/tylko w przypadku, je\u015bli \u017cadne z narzeczonych nie mieszka na terenie parafii; decyduje miejsce zamieszkania a nie zameldowania\/<\/li>\n<li><strong>Za\u015bwiadczenie z USC<\/strong> stwierdzaj\u0105ce brak okoliczno\u015bci wy\u0142\u0105czaj\u0105cych zawarcie ma\u0142\u017ce\u0144stwa \/w przypadku \u015blubu konkordatowego; wa\u017cne 6 miesi\u0119cy\/<\/li>\n<\/ol>\n<p style=\"text-align: justify;\">Po wizycie w kancelarii udajemy si\u0119 do Poradni Rodzinnej.<\/p>\n<p style=\"text-align: justify;\"><strong>Nie honorujemy za\u015bwiadcze\u0144 internetowych.<\/strong><\/p>\n<p><span style=\"color: #ff0000;\"><strong>KURSY PRZEDMA\u0141\u017bE\u0143SKIE\u00a0<\/strong><\/span><\/p>\n<p>Zach\u0119camy do korzystania z kurs\u00f3w przedma\u0142\u017ce\u0144skich organizowanych w formie 3-dniowych rekolekcji przez:<\/p>\n<ul>\n<li><u><a href=\"https:\/\/www.cfr-arka.pl\/rekolekcje-dla-narzeczonych.html\">Centrum Formacyjno-Rekolekcyjne w Gr\u00f3dku nad Dunajcem.<\/a><\/u><\/li>\n<li><a href=\"https:\/\/centrumopoka.pl\/\">Diecezjalne Centrum Pielgrzymowania im. Jana Paw\u0142a II w Starym S\u0105czu.<\/a><\/li>\n<\/ul>\n<p><strong>Nie honorujemy za\u015bwiadcze\u0144 internetowych.<\/strong><\/p>\n<p><span style=\"color: #ff0000;\"><strong>DZIE\u0143 SKUPIENIA DLA NARZECZONYCH<\/strong><\/span><\/p>\n<p><strong>Nie honorujemy za\u015bwiadcze\u0144 internetowych.<\/strong><\/p>\n","protected":false},"excerpt":{"rendered":"<p>Konieczna jest wcze\u015bniejsza rezerwacja godziny i daty \u015blubu. Mo\u017cna to zrobi\u0107 telefonicznie (512 979 768) lub osobi\u015bcie w kancelarii parafialnej (kalendarz \u015blub\u00f3w jest dost\u0119pny od wrze\u015bnia na dwa kolejne lata). Przygotowanie do \u015blubu nale\u017cy rozpocz\u0105\u0107 um\u00f3wieniem telefonicznym pierwszej rozmowy przed\u015blubnej, kt\u00f3ra powinna si\u0119 odby\u0107 nie p\u00f3\u017aniej ni\u017c 3 miesi\u0105ce przed \u015blubem. Na pierwsz\u0105 rozmow\u0119 przedma\u0142\u017ce\u0144sk\u0105 [&hellip;]<\/p>\n","protected":false},"author":2,"featured_media":0,"parent":237,"menu_order":0,"comment_status":"closed","ping_status":"closed","template":"","meta":{"footnotes":""},"class_list":["post-5255","page","type-page","status-publish","hentry"],"yoast_head":"<!-- This site is optimized with the Yoast SEO plugin v20.4 - https:\/\/yoast.com\/wordpress\/plugins\/seo\/ -->\n<title>Ma\u0142\u017ce\u0144stwo - Parafia Przyszowa<\/title>\n<meta name=\"robots\" content=\"index, follow, max-snippet:-1, max-image-preview:large, max-video-preview:-1\" \/>\n<link rel=\"canonical\" href=\"https:\/\/parafiaprzyszowa.pl\/index.php\/sakramenty\/malzenstwo\/\" \/>\n<meta property=\"og:locale\" content=\"pl_PL\" \/>\n<meta property=\"og:type\" content=\"article\" \/>\n<meta property=\"og:title\" content=\"Ma\u0142\u017ce\u0144stwo - Parafia Przyszowa\" \/>\n<meta property=\"og:description\" content=\"Konieczna jest wcze\u015bniejsza rezerwacja godziny i daty \u015blubu. Mo\u017cna to zrobi\u0107 telefonicznie (512 979 768) lub osobi\u015bcie w kancelarii parafialnej (kalendarz \u015blub\u00f3w jest dost\u0119pny od wrze\u015bnia na dwa kolejne lata). Przygotowanie do \u015blubu nale\u017cy rozpocz\u0105\u0107 um\u00f3wieniem telefonicznym pierwszej rozmowy przed\u015blubnej, kt\u00f3ra powinna si\u0119 odby\u0107 nie p\u00f3\u017aniej ni\u017c 3 miesi\u0105ce przed \u015blubem. Na pierwsz\u0105 rozmow\u0119 przedma\u0142\u017ce\u0144sk\u0105 [&hellip;]\" \/>\n<meta property=\"og:url\" content=\"https:\/\/parafiaprzyszowa.pl\/index.php\/sakramenty\/malzenstwo\/\" \/>\n<meta property=\"og:site_name\" content=\"Parafia Przyszowa\" \/>\n<meta property=\"article:modified_time\" content=\"2024-08-10T08:49:29+00:00\" \/>\n<meta name=\"twitter:card\" content=\"summary_large_image\" \/>\n<meta name=\"twitter:label1\" content=\"Szacowany czas czytania\" \/>\n\t<meta name=\"twitter:data1\" content=\"2 minuty\" \/>\n<script type=\"application\/ld+json\" class=\"yoast-schema-graph\">{\"@context\":\"https:\/\/schema.org\",\"@graph\":[{\"@type\":\"WebPage\",\"@id\":\"https:\/\/parafiaprzyszowa.pl\/index.php\/sakramenty\/malzenstwo\/\",\"url\":\"https:\/\/parafiaprzyszowa.pl\/index.php\/sakramenty\/malzenstwo\/\",\"name\":\"Ma\u0142\u017ce\u0144stwo - Parafia Przyszowa\",\"isPartOf\":{\"@id\":\"https:\/\/parafiaprzyszowa.pl\/#website\"},\"datePublished\":\"2023-08-12T11:01:47+00:00\",\"dateModified\":\"2024-08-10T08:49:29+00:00\",\"breadcrumb\":{\"@id\":\"https:\/\/parafiaprzyszowa.pl\/index.php\/sakramenty\/malzenstwo\/#breadcrumb\"},\"inLanguage\":\"pl-PL\",\"potentialAction\":[{\"@type\":\"ReadAction\",\"target\":[\"https:\/\/parafiaprzyszowa.pl\/index.php\/sakramenty\/malzenstwo\/\"]}]},{\"@type\":\"BreadcrumbList\",\"@id\":\"https:\/\/parafiaprzyszowa.pl\/index.php\/sakramenty\/malzenstwo\/#breadcrumb\",\"itemListElement\":[{\"@type\":\"ListItem\",\"position\":1,\"name\":\"Strona g\u0142\u00f3wna\",\"item\":\"https:\/\/parafiaprzyszowa.pl\/\"},{\"@type\":\"ListItem\",\"position\":2,\"name\":\"Sakramenty\",\"item\":\"https:\/\/parafiaprzyszowa.pl\/index.php\/sakramenty\/\"},{\"@type\":\"ListItem\",\"position\":3,\"name\":\"Ma\u0142\u017ce\u0144stwo\"}]},{\"@type\":\"WebSite\",\"@id\":\"https:\/\/parafiaprzyszowa.pl\/#website\",\"url\":\"https:\/\/parafiaprzyszowa.pl\/\",\"name\":\"Parafia Przyszowa\",\"description\":\"Oficjalna strona Parafii pw. \u015bw. Miko\u0142aja Biskupa w Przyszowej\",\"potentialAction\":[{\"@type\":\"SearchAction\",\"target\":{\"@type\":\"EntryPoint\",\"urlTemplate\":\"https:\/\/parafiaprzyszowa.pl\/?s={search_term_string}\"},\"query-input\":\"required name=search_term_string\"}],\"inLanguage\":\"pl-PL\"}]}<\/script>\n<!-- \/ Yoast SEO plugin. -->","yoast_head_json":{"title":"Ma\u0142\u017ce\u0144stwo - Parafia Przyszowa","robots":{"index":"index","follow":"follow","max-snippet":"max-snippet:-1","max-image-preview":"max-image-preview:large","max-video-preview":"max-video-preview:-1"},"canonical":"https:\/\/parafiaprzyszowa.pl\/index.php\/sakramenty\/malzenstwo\/","og_locale":"pl_PL","og_type":"article","og_title":"Ma\u0142\u017ce\u0144stwo - Parafia Przyszowa","og_description":"Konieczna jest wcze\u015bniejsza rezerwacja godziny i daty \u015blubu. Mo\u017cna to zrobi\u0107 telefonicznie (512 979 768) lub osobi\u015bcie w kancelarii parafialnej (kalendarz \u015blub\u00f3w jest dost\u0119pny od wrze\u015bnia na dwa kolejne lata). Przygotowanie do \u015blubu nale\u017cy rozpocz\u0105\u0107 um\u00f3wieniem telefonicznym pierwszej rozmowy przed\u015blubnej, kt\u00f3ra powinna si\u0119 odby\u0107 nie p\u00f3\u017aniej ni\u017c 3 miesi\u0105ce przed \u015blubem. Na pierwsz\u0105 rozmow\u0119 przedma\u0142\u017ce\u0144sk\u0105 [&hellip;]","og_url":"https:\/\/parafiaprzyszowa.pl\/index.php\/sakramenty\/malzenstwo\/","og_site_name":"Parafia Przyszowa","article_modified_time":"2024-08-10T08:49:29+00:00","twitter_card":"summary_large_image","twitter_misc":{"Szacowany czas czytania":"2 minuty"},"schema":{"@context":"https:\/\/schema.org","@graph":[{"@type":"WebPage","@id":"https:\/\/parafiaprzyszowa.pl\/index.php\/sakramenty\/malzenstwo\/","url":"https:\/\/parafiaprzyszowa.pl\/index.php\/sakramenty\/malzenstwo\/","name":"Ma\u0142\u017ce\u0144stwo - Parafia Przyszowa","isPartOf":{"@id":"https:\/\/parafiaprzyszowa.pl\/#website"},"datePublished":"2023-08-12T11:01:47+00:00","dateModified":"2024-08-10T08:49:29+00:00","breadcrumb":{"@id":"https:\/\/parafiaprzyszowa.pl\/index.php\/sakramenty\/malzenstwo\/#breadcrumb"},"inLanguage":"pl-PL","potentialAction":[{"@type":"ReadAction","target":["https:\/\/parafiaprzyszowa.pl\/index.php\/sakramenty\/malzenstwo\/"]}]},{"@type":"BreadcrumbList","@id":"https:\/\/parafiaprzyszowa.pl\/index.php\/sakramenty\/malzenstwo\/#breadcrumb","itemListElement":[{"@type":"ListItem","position":1,"name":"Strona g\u0142\u00f3wna","item":"https:\/\/parafiaprzyszowa.pl\/"},{"@type":"ListItem","position":2,"name":"Sakramenty","item":"https:\/\/parafiaprzyszowa.pl\/index.php\/sakramenty\/"},{"@type":"ListItem","position":3,"name":"Ma\u0142\u017ce\u0144stwo"}]},{"@type":"WebSite","@id":"https:\/\/parafiaprzyszowa.pl\/#website","url":"https:\/\/parafiaprzyszowa.pl\/","name":"Parafia Przyszowa","description":"Oficjalna strona Parafii pw. \u015bw. Miko\u0142aja Biskupa w Przyszowej","potentialAction":[{"@type":"SearchAction","target":{"@type":"EntryPoint","urlTemplate":"https:\/\/parafiaprzyszowa.pl\/?s={search_term_string}"},"query-input":"required name=search_term_string"}],"inLanguage":"pl-PL"}]}},"_links":{"self":[{"href":"https:\/\/parafiaprzyszowa.pl\/index.php\/wp-json\/wp\/v2\/pages\/5255","targetHints":{"allow":["GET"]}}],"collection":[{"href":"https:\/\/parafiaprzyszowa.pl\/index.php\/wp-json\/wp\/v2\/pages"}],"about":[{"href":"https:\/\/parafiaprzyszowa.pl\/index.php\/wp-json\/wp\/v2\/types\/page"}],"author":[{"embeddable":true,"href":"https:\/\/parafiaprzyszowa.pl\/index.php\/wp-json\/wp\/v2\/users\/2"}],"replies":[{"embeddable":true,"href":"https:\/\/parafiaprzyszowa.pl\/index.php\/wp-json\/wp\/v2\/comments?post=5255"}],"version-history":[{"count":6,"href":"https:\/\/parafiaprzyszowa.pl\/index.php\/wp-json\/wp\/v2\/pages\/5255\/revisions"}],"predecessor-version":[{"id":5313,"href":"https:\/\/parafiaprzyszowa.pl\/index.php\/wp-json\/wp\/v2\/pages\/5255\/revisions\/5313"}],"up":[{"embeddable":true,"href":"https:\/\/parafiaprzyszowa.pl\/index.php\/wp-json\/wp\/v2\/pages\/237"}],"wp:attachment":[{"href":"https:\/\/parafiaprzyszowa.pl\/index.php\/wp-json\/wp\/v2\/media?parent=5255"}],"curies":[{"name":"wp","href":"https:\/\/api.w.org\/{rel}","templated":true}]}}

Małżeństwo

<p>Konieczna jest wcześniejsza rezerwacja godziny i daty ślubu. Można to zrobić telefonicznie (512 979 768) lub osobiście w kancelarii parafialnej (kalendarz ślubów jest dostępny od września na dwa kolejne lata).</p>
<p style="text-align: justify;">Przygotowanie do ślubu należy rozpocząć umówieniem telefonicznym pierwszej rozmowy przedślubnej, która powinna się odbyć <strong>nie później niż 3 miesiące przed ślubem.</strong></p>
<p style="text-align: justify;">Na pierwszą rozmowę przedmałżeńską należy zabrać ze sobą:</p>
<ol style="text-align: justify;">
<li><strong>Dowody tożsamości.</strong></li>
<li><strong>Świadectwa szkolne</strong> z wpisem oceny z religii /z ostatniej klasy szkoły podstawowej, (gimnazjum) i średniej/</li>
<li><strong>Świadectwa ukończenia katechizacji przedmałżeńskiej</strong> /tzw. kurs przedmałżeński/</li>
<li><strong>Świadectwa chrztu</strong> /w przypadku, gdy ktoś był ochrzczony  poza parafią w Przyszowej; ważne 6 miesięcy a więc wydane nie wcześniej, niż  3 miesiące przed I rozmową/.</li>
<li><strong>Zgodę proboszcza parafii jednego z narzeczonych</strong> /tylko w przypadku, jeśli żadne z narzeczonych nie mieszka na terenie parafii; decyduje miejsce zamieszkania a nie zameldowania/</li>
<li><strong>Zaświadczenie z USC</strong> stwierdzające brak okoliczności wyłączających zawarcie małżeństwa /w przypadku ślubu konkordatowego; ważne 6 miesięcy/</li>
</ol>
<p style="text-align: justify;">Po wizycie w kancelarii udajemy się do Poradni Rodzinnej.</p>
<p style="text-align: justify;"><strong>Nie honorujemy zaświadczeń internetowych.</strong></p>
<p><span style="color: #ff0000;"><strong>KURSY PRZEDMAŁŻEŃSKIE </strong></span></p>
<p>Zachęcamy do korzystania z kursów przedmałżeńskich organizowanych w formie 3-dniowych rekolekcji przez:</p>
<ul>
<li><u><a href="https://www.cfr-arka.pl/rekolekcje-dla-narzeczonych.html">Centrum Formacyjno-Rekolekcyjne w Gródku nad Dunajcem.</a></u></li>
<li><a href="https://centrumopoka.pl/">Diecezjalne Centrum Pielgrzymowania im. Jana Pawła II w Starym Sączu.</a></li>
</ul>
<p><strong>Nie honorujemy zaświadczeń internetowych.</strong></p>
<p><span style="color: #ff0000;"><strong>DZIEŃ SKUPIENIA DLA NARZECZONYCH</strong></span></p>
<p><strong>Nie honorujemy zaświadczeń internetowych.</strong></p>

<p>Konieczna jest wcześniejsza rezerwacja godziny i daty ślubu. Można to zrobić telefonicznie (512 979 768) lub osobiście w kancelarii parafialnej (kalendarz ślubów jest dostępny od września na dwa kolejne lata). Przygotowanie do ślubu należy rozpocząć umówieniem telefonicznym pierwszej rozmowy przedślubnej, która powinna się odbyć nie później niż 3 miesiące przed ślubem. Na pierwszą rozmowę przedmałżeńską [&hellip;]</p>

<!-- This site is optimized with the Yoast SEO plugin v20.4 - https://yoast.com/wordpress/plugins/seo/ -->
<title>Małżeństwo - Parafia Przyszowa</title>
<meta name="robots" content="index, follow, max-snippet:-1, max-image-preview:large, max-video-preview:-1" />
<link rel="canonical" href="https://parafiaprzyszowa.pl/index.php/sakramenty/malzenstwo/" />
<meta property="og:locale" content="pl_PL" />
<meta property="og:type" content="article" />
<meta property="og:title" content="Małżeństwo - Parafia Przyszowa" />
<meta property="og:description" content="Konieczna jest wcześniejsza rezerwacja godziny i daty ślubu. Można to zrobić telefonicznie (512 979 768) lub osobiście w kancelarii parafialnej (kalendarz ślubów jest dostępny od września na dwa kolejne lata). Przygotowanie do ślubu należy rozpocząć umówieniem telefonicznym pierwszej rozmowy przedślubnej, która powinna się odbyć nie później niż 3 miesiące przed ślubem. Na pierwszą rozmowę przedmałżeńską [&hellip;]" />
<meta property="og:url" content="https://parafiaprzyszowa.pl/index.php/sakramenty/malzenstwo/" />
<meta property="og:site_name" content="Parafia Przyszowa" />
<meta property="article:modified_time" content="2024-08-10T08:49:29+00:00" />
<meta name="twitter:card" content="summary_large_image" />
<meta name="twitter:label1" content="Szacowany czas czytania" />
	<meta name="twitter:data1" content="2 minuty" />
<script type="application/ld+json" class="yoast-schema-graph">{"@context":"https://schema.org","@graph":[{"@type":"WebPage","@id":"https://parafiaprzyszowa.pl/index.php/sakramenty/malzenstwo/","url":"https://parafiaprzyszowa.pl/index.php/sakramenty/malzenstwo/","name":"Małżeństwo - Parafia Przyszowa","isPartOf":{"@id":"https://parafiaprzyszowa.pl/#website"},"datePublished":"2023-08-12T11:01:47+00:00","dateModified":"2024-08-10T08:49:29+00:00","breadcrumb":{"@id":"https://parafiaprzyszowa.pl/index.php/sakramenty/malzenstwo/#breadcrumb"},"inLanguage":"pl-PL","potentialAction":[{"@type":"ReadAction","target":["https://parafiaprzyszowa.pl/index.php/sakramenty/malzenstwo/"]}]},{"@type":"BreadcrumbList","@id":"https://parafiaprzyszowa.pl/index.php/sakramenty/malzenstwo/#breadcrumb","itemListElement":[{"@type":"ListItem","position":1,"name":"Strona główna","item":"https://parafiaprzyszowa.pl/"},{"@type":"ListItem","position":2,"name":"Sakramenty","item":"https://parafiaprzyszowa.pl/index.php/sakramenty/"},{"@type":"ListItem","position":3,"name":"Małżeństwo"}]},{"@type":"WebSite","@id":"https://parafiaprzyszowa.pl/#website","url":"https://parafiaprzyszowa.pl/","name":"Parafia Przyszowa","description":"Oficjalna strona Parafii pw. św. Mikołaja Biskupa w Przyszowej","potentialAction":[{"@type":"SearchAction","target":{"@type":"EntryPoint","urlTemplate":"https://parafiaprzyszowa.pl/?s={search_term_string}"},"query-input":"required name=search_term_string"}],"inLanguage":"pl-PL"}]}</script>
<!-- / Yoast SEO plugin. -->

Małżeństwo - Parafia Przyszowa

Konieczna jest wcześniejsza rezerwacja godziny i daty ślubu. Można to zrobić telefonicznie (512 979 768) lub osobiście w kancelarii parafialnej (kalendarz ślubów jest dostępny od września na dwa kolejne lata). Przygotowanie do ślubu należy rozpocząć umówieniem telefonicznym pierwszej rozmowy przedślubnej, która powinna się odbyć nie później niż 3 miesiące przed ślubem. Na pierwszą rozmowę przedmałżeńską [&hellip;]

Strona główna

Oficjalna strona Parafii pw. św. Mikołaja Biskupa w Przyszowej
