{"id":4525,"date":"2023-08-12T16:15:32","date_gmt":"2023-08-12T14:15:32","guid":{"rendered":"https:\/\/parafiaprzyszowa.pl\/?page_id=4525"},"modified":"2024-08-10T10:49:29","modified_gmt":"2024-08-10T08:49:29","slug":"eucharystia","status":"publish","type":"page","link":"https:\/\/parafiaprzyszowa.pl\/index.php\/sakramenty\/eucharystia\/","title":{"rendered":"Eucharystia"},"content":{"rendered":"<p style=\"text-align: justify;\"><strong>Dzieci przyst\u0119puj\u0105 do I Komunii \u015awi\u0119tej w klasie III. Uroczysto\u015b\u0107 I Komunii \u015awi\u0119tej odbywa si\u0119 w trzeci\u0105 sobot\u0119 maja o godz. 11<sup>00<\/sup>. Dzie\u0144 wcze\u015bniej dzieci przyst\u0119puj\u0105 do I Spowiedzi \u015bwi\u0119tej.<\/strong><\/p>\n<p style=\"text-align: justify;\"><span style=\"color: #ff0000;\">V Synod Diecezji Tarnowskiej przypomina nam, \u017ce <strong>przygotowanie do Pierwszej Komunii \u015awi\u0119tej i przyj\u0119cie jej powinno dokonywa\u0107 si\u0119 w parafii <span style=\"text-decoration: underline;\">zamieszkania<\/span>, a nie w parafii, na terenie kt\u00f3rej znajduje si\u0119 szko\u0142a, do kt\u00f3rej ucz\u0119szcza dziecko<\/strong>. Daje to bowiem mo\u017cliwo\u015b\u0107 g\u0142\u0119bszego zintegrowania si\u0119 ze swoj\u0105 wsp\u00f3lnot\u0105 parafialn\u0105, w kt\u00f3rej prowadzone jest przygotowanie dzieci i rodzic\u00f3w podczas przeznaczonych dla nich spotka\u0144 i nabo\u017ce\u0144stw. W zwi\u0105zku z tym prosimy rodzic\u00f3w dzieci, kt\u00f3re w przysz\u0142ym roku b\u0119d\u0105 chcia\u0142y przyj\u0105\u0107 Pierwsz\u0105 Komuni\u0119 \u015awi\u0119t\u0105, o zg\u0142oszenie si\u0119 do swojej kancelarii parafialnej i zapisanie swojego dziecka na list\u0119 kandydat\u00f3w. Zapisy b\u0119d\u0105 trwa\u0142y do ko\u0144ca czerwca.<\/span><\/p>\n<p>Przygotowanie do tej uroczysto\u015bci odbywa si\u0119 w szkole i parafii.<\/p>\n<p style=\"text-align: justify;\"><strong><span style=\"text-decoration: underline;\">W parafii<\/span><\/strong> &#8211; Dzieci uczestnicz\u0105 w comiesi\u0119cznych spotkaniach w ko\u015bciele parafialnym oraz w coniedzielnej Mszy \u015bwi\u0119tej, a tak\u017ce w nabo\u017ce\u0144stwach roku liturgicznego<\/p>\n<p style=\"text-align: justify;\"><strong><span style=\"text-decoration: underline;\">W szkole<\/span><\/strong> &#8211; Dzieci, kt\u00f3re przyst\u0119puj\u0105 do I Komunii \u015bw. maj\u0105 obowi\u0105zek nauczy\u0107 si\u0119 podstawowych modlitw chrze\u015bcija\u0144skich: Ojcze nasz, Zdrowa\u015b Maryjo, Aniele Bo\u017cy, Wierz\u0119 w Boga Ojca, Pod Twoj\u0105 obron\u0119, tajemnic R\u00f3\u017ca\u0144ca \u015bw., Stacji Drogi Krzy\u017cowej, odpowiedzi i modlitwy wiernych ze Mszy \u015bw. Ponadto musz\u0105 nauczy\u0107 si\u0119 z jak najlepszym zrozumieniem nast\u0119puj\u0105cych, podstawowych prawd religijnych: 10 przykaza\u0144 Bo\u017cych, 6 prawd wiary, 5 przykaza\u0144 ko\u015bcielnych, 5 warunk\u00f3w dobrej spowiedzi, przykazania mi\u0142o\u015bci Boga i bli\u017aniego, 7 sakrament\u00f3w \u015bw., 7 grzech\u00f3w g\u0142\u00f3wnych i.in. Wymagania te s\u0105 zawarte w programie nauczania realizowanym podczas katechezy w szko\u0142ach podstawowych na terenie naszej parafii w klasie II i III.<\/p>\n","protected":false},"excerpt":{"rendered":"<p>Dzieci przyst\u0119puj\u0105 do I Komunii \u015awi\u0119tej w klasie III. Uroczysto\u015b\u0107 I Komunii \u015awi\u0119tej odbywa si\u0119 w trzeci\u0105 sobot\u0119 maja o godz. 1100. Dzie\u0144 wcze\u015bniej dzieci przyst\u0119puj\u0105 do I Spowiedzi \u015bwi\u0119tej. V Synod Diecezji Tarnowskiej przypomina nam, \u017ce przygotowanie do Pierwszej Komunii \u015awi\u0119tej i przyj\u0119cie jej powinno dokonywa\u0107 si\u0119 w parafii zamieszkania, a nie w parafii, [&hellip;]<\/p>\n","protected":false},"author":2,"featured_media":0,"parent":237,"menu_order":0,"comment_status":"closed","ping_status":"closed","template":"","meta":{"footnotes":""},"class_list":["post-4525","page","type-page","status-publish","hentry"],"yoast_head":"<!-- This site is optimized with the Yoast SEO plugin v20.4 - https:\/\/yoast.com\/wordpress\/plugins\/seo\/ -->\n<title>Eucharystia - Parafia Przyszowa<\/title>\n<meta name=\"robots\" content=\"index, follow, max-snippet:-1, max-image-preview:large, max-video-preview:-1\" \/>\n<link rel=\"canonical\" href=\"https:\/\/parafiaprzyszowa.pl\/index.php\/sakramenty\/eucharystia\/\" \/>\n<meta property=\"og:locale\" content=\"pl_PL\" \/>\n<meta property=\"og:type\" content=\"article\" \/>\n<meta property=\"og:title\" content=\"Eucharystia - Parafia Przyszowa\" \/>\n<meta property=\"og:description\" content=\"Dzieci przyst\u0119puj\u0105 do I Komunii \u015awi\u0119tej w klasie III. Uroczysto\u015b\u0107 I Komunii \u015awi\u0119tej odbywa si\u0119 w trzeci\u0105 sobot\u0119 maja o godz. 1100. Dzie\u0144 wcze\u015bniej dzieci przyst\u0119puj\u0105 do I Spowiedzi \u015bwi\u0119tej. V Synod Diecezji Tarnowskiej przypomina nam, \u017ce przygotowanie do Pierwszej Komunii \u015awi\u0119tej i przyj\u0119cie jej powinno dokonywa\u0107 si\u0119 w parafii zamieszkania, a nie w parafii, [&hellip;]\" \/>\n<meta property=\"og:url\" content=\"https:\/\/parafiaprzyszowa.pl\/index.php\/sakramenty\/eucharystia\/\" \/>\n<meta property=\"og:site_name\" content=\"Parafia Przyszowa\" \/>\n<meta property=\"article:modified_time\" content=\"2024-08-10T08:49:29+00:00\" \/>\n<meta name=\"twitter:card\" content=\"summary_large_image\" \/>\n<meta name=\"twitter:label1\" content=\"Szacowany czas czytania\" \/>\n\t<meta name=\"twitter:data1\" content=\"2 minuty\" \/>\n<script type=\"application\/ld+json\" class=\"yoast-schema-graph\">{\"@context\":\"https:\/\/schema.org\",\"@graph\":[{\"@type\":\"WebPage\",\"@id\":\"https:\/\/parafiaprzyszowa.pl\/index.php\/sakramenty\/eucharystia\/\",\"url\":\"https:\/\/parafiaprzyszowa.pl\/index.php\/sakramenty\/eucharystia\/\",\"name\":\"Eucharystia - Parafia Przyszowa\",\"isPartOf\":{\"@id\":\"https:\/\/parafiaprzyszowa.pl\/#website\"},\"datePublished\":\"2023-08-12T14:15:32+00:00\",\"dateModified\":\"2024-08-10T08:49:29+00:00\",\"breadcrumb\":{\"@id\":\"https:\/\/parafiaprzyszowa.pl\/index.php\/sakramenty\/eucharystia\/#breadcrumb\"},\"inLanguage\":\"pl-PL\",\"potentialAction\":[{\"@type\":\"ReadAction\",\"target\":[\"https:\/\/parafiaprzyszowa.pl\/index.php\/sakramenty\/eucharystia\/\"]}]},{\"@type\":\"BreadcrumbList\",\"@id\":\"https:\/\/parafiaprzyszowa.pl\/index.php\/sakramenty\/eucharystia\/#breadcrumb\",\"itemListElement\":[{\"@type\":\"ListItem\",\"position\":1,\"name\":\"Strona g\u0142\u00f3wna\",\"item\":\"https:\/\/parafiaprzyszowa.pl\/\"},{\"@type\":\"ListItem\",\"position\":2,\"name\":\"Sakramenty\",\"item\":\"https:\/\/parafiaprzyszowa.pl\/index.php\/sakramenty\/\"},{\"@type\":\"ListItem\",\"position\":3,\"name\":\"Eucharystia\"}]},{\"@type\":\"WebSite\",\"@id\":\"https:\/\/parafiaprzyszowa.pl\/#website\",\"url\":\"https:\/\/parafiaprzyszowa.pl\/\",\"name\":\"Parafia Przyszowa\",\"description\":\"Oficjalna strona Parafii pw. \u015bw. Miko\u0142aja Biskupa w Przyszowej\",\"potentialAction\":[{\"@type\":\"SearchAction\",\"target\":{\"@type\":\"EntryPoint\",\"urlTemplate\":\"https:\/\/parafiaprzyszowa.pl\/?s={search_term_string}\"},\"query-input\":\"required name=search_term_string\"}],\"inLanguage\":\"pl-PL\"}]}<\/script>\n<!-- \/ Yoast SEO plugin. -->","yoast_head_json":{"title":"Eucharystia - Parafia Przyszowa","robots":{"index":"index","follow":"follow","max-snippet":"max-snippet:-1","max-image-preview":"max-image-preview:large","max-video-preview":"max-video-preview:-1"},"canonical":"https:\/\/parafiaprzyszowa.pl\/index.php\/sakramenty\/eucharystia\/","og_locale":"pl_PL","og_type":"article","og_title":"Eucharystia - Parafia Przyszowa","og_description":"Dzieci przyst\u0119puj\u0105 do I Komunii \u015awi\u0119tej w klasie III. Uroczysto\u015b\u0107 I Komunii \u015awi\u0119tej odbywa si\u0119 w trzeci\u0105 sobot\u0119 maja o godz. 1100. Dzie\u0144 wcze\u015bniej dzieci przyst\u0119puj\u0105 do I Spowiedzi \u015bwi\u0119tej. V Synod Diecezji Tarnowskiej przypomina nam, \u017ce przygotowanie do Pierwszej Komunii \u015awi\u0119tej i przyj\u0119cie jej powinno dokonywa\u0107 si\u0119 w parafii zamieszkania, a nie w parafii, [&hellip;]","og_url":"https:\/\/parafiaprzyszowa.pl\/index.php\/sakramenty\/eucharystia\/","og_site_name":"Parafia Przyszowa","article_modified_time":"2024-08-10T08:49:29+00:00","twitter_card":"summary_large_image","twitter_misc":{"Szacowany czas czytania":"2 minuty"},"schema":{"@context":"https:\/\/schema.org","@graph":[{"@type":"WebPage","@id":"https:\/\/parafiaprzyszowa.pl\/index.php\/sakramenty\/eucharystia\/","url":"https:\/\/parafiaprzyszowa.pl\/index.php\/sakramenty\/eucharystia\/","name":"Eucharystia - Parafia Przyszowa","isPartOf":{"@id":"https:\/\/parafiaprzyszowa.pl\/#website"},"datePublished":"2023-08-12T14:15:32+00:00","dateModified":"2024-08-10T08:49:29+00:00","breadcrumb":{"@id":"https:\/\/parafiaprzyszowa.pl\/index.php\/sakramenty\/eucharystia\/#breadcrumb"},"inLanguage":"pl-PL","potentialAction":[{"@type":"ReadAction","target":["https:\/\/parafiaprzyszowa.pl\/index.php\/sakramenty\/eucharystia\/"]}]},{"@type":"BreadcrumbList","@id":"https:\/\/parafiaprzyszowa.pl\/index.php\/sakramenty\/eucharystia\/#breadcrumb","itemListElement":[{"@type":"ListItem","position":1,"name":"Strona g\u0142\u00f3wna","item":"https:\/\/parafiaprzyszowa.pl\/"},{"@type":"ListItem","position":2,"name":"Sakramenty","item":"https:\/\/parafiaprzyszowa.pl\/index.php\/sakramenty\/"},{"@type":"ListItem","position":3,"name":"Eucharystia"}]},{"@type":"WebSite","@id":"https:\/\/parafiaprzyszowa.pl\/#website","url":"https:\/\/parafiaprzyszowa.pl\/","name":"Parafia Przyszowa","description":"Oficjalna strona Parafii pw. \u015bw. Miko\u0142aja Biskupa w Przyszowej","potentialAction":[{"@type":"SearchAction","target":{"@type":"EntryPoint","urlTemplate":"https:\/\/parafiaprzyszowa.pl\/?s={search_term_string}"},"query-input":"required name=search_term_string"}],"inLanguage":"pl-PL"}]}},"_links":{"self":[{"href":"https:\/\/parafiaprzyszowa.pl\/index.php\/wp-json\/wp\/v2\/pages\/4525","targetHints":{"allow":["GET"]}}],"collection":[{"href":"https:\/\/parafiaprzyszowa.pl\/index.php\/wp-json\/wp\/v2\/pages"}],"about":[{"href":"https:\/\/parafiaprzyszowa.pl\/index.php\/wp-json\/wp\/v2\/types\/page"}],"author":[{"embeddable":true,"href":"https:\/\/parafiaprzyszowa.pl\/index.php\/wp-json\/wp\/v2\/users\/2"}],"replies":[{"embeddable":true,"href":"https:\/\/parafiaprzyszowa.pl\/index.php\/wp-json\/wp\/v2\/comments?post=4525"}],"version-history":[{"count":4,"href":"https:\/\/parafiaprzyszowa.pl\/index.php\/wp-json\/wp\/v2\/pages\/4525\/revisions"}],"predecessor-version":[{"id":5852,"href":"https:\/\/parafiaprzyszowa.pl\/index.php\/wp-json\/wp\/v2\/pages\/4525\/revisions\/5852"}],"up":[{"embeddable":true,"href":"https:\/\/parafiaprzyszowa.pl\/index.php\/wp-json\/wp\/v2\/pages\/237"}],"wp:attachment":[{"href":"https:\/\/parafiaprzyszowa.pl\/index.php\/wp-json\/wp\/v2\/media?parent=4525"}],"curies":[{"name":"wp","href":"https:\/\/api.w.org\/{rel}","templated":true}]}}