{"id":4521,"date":"2023-08-11T21:14:25","date_gmt":"2023-08-11T19:14:25","guid":{"rendered":"https:\/\/parafiaprzyszowa.pl\/?page_id=4521"},"modified":"2024-08-10T10:49:29","modified_gmt":"2024-08-10T08:49:29","slug":"chrzest","status":"publish","type":"page","link":"https:\/\/parafiaprzyszowa.pl\/index.php\/sakramenty\/chrzest\/","title":{"rendered":"Chrzest"},"content":{"rendered":"<p style=\"text-align: justify;\">Chrzest jest najpi\u0119kniejszym i najwspanialszym darem Boga. Nazywamy go darem, \u0142ask\u0105, namaszczeniem, o\u015bwieceniem, szat\u0105 niezniszczalno\u015bci, obmyciem odradzaj\u0105cym, piecz\u0119ci\u0105 i wszystkim, co mo\u017ce by\u0107 najcenniejsze. Darem \u2013 poniewa\u017c jest udzielany tym, kt\u00f3rzy nic nie przynosz\u0105; \u0142ask\u0105 \u2013 poniewa\u017c jest dawany nawet tym, kt\u00f3rzy zawinili; chrztem \u2013 poniewa\u017c grzech zostaje pogrzebany w wodzie; namaszczeniem \u2013 poniewa\u017c jest \u015bwi\u0119ty i kr\u00f3lewski (a kr\u00f3l\u00f3w si\u0119 namaszcza); o\u015bwieceniem \u2013 poniewa\u017c jest ja\u015bniej\u0105cym \u015bwiat\u0142em; szat\u0105 \u2013 poniewa\u017c zakrywa nasz wstyd; obmyciem \u2013 poniewa\u017c oczyszcza; piecz\u0119ci\u0105 \u2013 poniewa\u017c strze\u017ce nas i jest znakiem panowania Boga (\u015bw. Grzegorz z Nazjanzu).<\/p>\n<p style=\"text-align: justify;\">\n<p style=\"text-align: justify;\"><span style=\"color: #ff0000;\"><strong>Chrzest w naszej parafii jest udzielany podczas Mszy \u015bw.:<\/strong><\/span><\/p>\n<ul style=\"text-align: justify;\">\n<li><span style=\"color: #339966;\"><strong>w II niedziel\u0119 miesi\u0105ca o godz. 11.30<\/strong><\/span><\/li>\n<li><span style=\"color: #339966;\"><strong>w IV sobot\u0119 miesi\u0105ca o godz. 16.00<\/strong><\/span><\/li>\n<\/ul>\n<p style=\"text-align: justify;\">\n<p style=\"text-align: justify;\"><strong data-rich-text-format-boundary=\"true\">Wymagane dokumenty i\u00a0dane<\/strong>\u00a0przy zapisywaniu dziecka do chrztu w godzinach otwarcia kancelarii:.<\/p>\n<ul style=\"text-align: justify;\">\n<li>akt urodzenia dziecka wydany przez Urz\u0105d Stanu Cywilnego;<\/li>\n<li>dane rodzic\u00f3w (data i miejsce urodzenia, imiona rodzic\u00f3w, data i miejsce \u015blubu)<\/li>\n<li>dane rodzicach chrzestnych (imiona i nazwiska, adresy zamieszkania);<\/li>\n<li>za\u015bwiadczenie z parafii\u00a0<strong>zamieszkania<\/strong>\u00a0(nie zameldowania!) rodzic\u00f3w chrzestnych o praktykowaniu wiary (a wi\u0119c NIE \u015bwiadectwo chrztu i bierzmowania; za\u015bwiadczenie mo\u017ce by\u0107 dostarczone w dniu chrztu);<\/li>\n<li>w przypadku zamieszkania dziecka wraz z rodzicami poza nasz\u0105 parafi\u0105 \u2013 zgoda proboszcza miejsca\u00a0<strong>zamieszkania<\/strong>\u00a0na chrzest poza parafi\u0105.<\/li>\n<\/ul>\n<p style=\"text-align: justify;\">\n<p style=\"text-align: justify;\">Rodzice i chrzestni powinni przyst\u0105pi\u0107 do spowiedzi \u015bw. i przyj\u0105\u0107 Komuni\u0119 \u015bw. w intencji dziecka, dlatego otrzymuj\u0105 przy wpisywaniu dziecka do Ksi\u0119gi Chrzt\u00f3w kartki do spowiedzi, kt\u00f3re wr\u0119czaj\u0105 kap\u0142anowi przed spowiedzi\u0105<\/p>\n<p style=\"text-align: justify;\">\n<p style=\"text-align: justify;\">Na podstawie Kodeksu Prawa Kanonicznego (kanon 874) do przyj\u0119cia zadania rodzica chrzestnego mo\u017ce by\u0107 dopuszczony ten, kto:<\/p>\n<ol>\n<li style=\"text-align: justify;\">zosta\u0142 wskazany przez przyjmuj\u0105cego chrzest albo przez jego rodzic\u00f3w, albo przez tego, kto ich zast\u0119puje, gdy za\u015b ich nie ma, przez proboszcza lub szafarza, a przy tym jest zdatny i ma intencj\u0119 pe\u0142nienia tej funkcji;<\/li>\n<li style=\"text-align: justify;\">uko\u0144czy\u0142 szesna\u015bcie lat, chyba \u017ce biskup diecezjalny okre\u015bli\u0142 inny wiek lub proboszcz albo szafarz jest zdania, \u017ce s\u0142uszna przyczyna przemawia za dopuszczeniem wyj\u0105tku;<\/li>\n<li style=\"text-align: justify;\">jest katolikiem, przyj\u0105\u0142 ju\u017c bierzmowanie i sakrament Naj\u015bwi\u0119tszej Eucharystii oraz prowadzi \u017cycie zgodne z wiar\u0105 i odpowiadaj\u0105ce funkcji, jak\u0105 ma podj\u0105\u0107;<\/li>\n<li style=\"text-align: justify;\">nie jest zwi\u0105zany \u017cadn\u0105 kar\u0105 kanoniczn\u0105, wymierzon\u0105 lub deklarowan\u0105 zgodnie z prawem;<\/li>\n<li style=\"text-align: justify;\">nie jest ani ojcem, ani matk\u0105 przyjmuj\u0105cego chrzest.<\/li>\n<\/ol>\n","protected":false},"excerpt":{"rendered":"<p>Chrzest jest najpi\u0119kniejszym i najwspanialszym darem Boga. Nazywamy go darem, \u0142ask\u0105, namaszczeniem, o\u015bwieceniem, szat\u0105 niezniszczalno\u015bci, obmyciem odradzaj\u0105cym, piecz\u0119ci\u0105 i wszystkim, co mo\u017ce by\u0107 najcenniejsze. Darem \u2013 poniewa\u017c jest udzielany tym, kt\u00f3rzy nic nie przynosz\u0105; \u0142ask\u0105 \u2013 poniewa\u017c jest dawany nawet tym, kt\u00f3rzy zawinili; chrztem \u2013 poniewa\u017c grzech zostaje pogrzebany w wodzie; namaszczeniem \u2013 poniewa\u017c jest [&hellip;]<\/p>\n","protected":false},"author":2,"featured_media":0,"parent":237,"menu_order":0,"comment_status":"closed","ping_status":"closed","template":"","meta":{"footnotes":""},"class_list":["post-4521","page","type-page","status-publish","hentry"],"yoast_head":"<!-- This site is optimized with the Yoast SEO plugin v20.4 - https:\/\/yoast.com\/wordpress\/plugins\/seo\/ -->\n<title>Chrzest - Parafia Przyszowa<\/title>\n<meta name=\"robots\" content=\"index, follow, max-snippet:-1, max-image-preview:large, max-video-preview:-1\" \/>\n<link rel=\"canonical\" href=\"https:\/\/parafiaprzyszowa.pl\/index.php\/sakramenty\/chrzest\/\" \/>\n<meta property=\"og:locale\" content=\"pl_PL\" \/>\n<meta property=\"og:type\" content=\"article\" \/>\n<meta property=\"og:title\" content=\"Chrzest - Parafia Przyszowa\" \/>\n<meta property=\"og:description\" content=\"Chrzest jest najpi\u0119kniejszym i najwspanialszym darem Boga. Nazywamy go darem, \u0142ask\u0105, namaszczeniem, o\u015bwieceniem, szat\u0105 niezniszczalno\u015bci, obmyciem odradzaj\u0105cym, piecz\u0119ci\u0105 i wszystkim, co mo\u017ce by\u0107 najcenniejsze. Darem \u2013 poniewa\u017c jest udzielany tym, kt\u00f3rzy nic nie przynosz\u0105; \u0142ask\u0105 \u2013 poniewa\u017c jest dawany nawet tym, kt\u00f3rzy zawinili; chrztem \u2013 poniewa\u017c grzech zostaje pogrzebany w wodzie; namaszczeniem \u2013 poniewa\u017c jest [&hellip;]\" \/>\n<meta property=\"og:url\" content=\"https:\/\/parafiaprzyszowa.pl\/index.php\/sakramenty\/chrzest\/\" \/>\n<meta property=\"og:site_name\" content=\"Parafia Przyszowa\" \/>\n<meta property=\"article:modified_time\" content=\"2024-08-10T08:49:29+00:00\" \/>\n<meta name=\"twitter:card\" content=\"summary_large_image\" \/>\n<meta name=\"twitter:label1\" content=\"Szacowany czas czytania\" \/>\n\t<meta name=\"twitter:data1\" content=\"3 minuty\" \/>\n<script type=\"application\/ld+json\" class=\"yoast-schema-graph\">{\"@context\":\"https:\/\/schema.org\",\"@graph\":[{\"@type\":\"WebPage\",\"@id\":\"https:\/\/parafiaprzyszowa.pl\/index.php\/sakramenty\/chrzest\/\",\"url\":\"https:\/\/parafiaprzyszowa.pl\/index.php\/sakramenty\/chrzest\/\",\"name\":\"Chrzest - Parafia Przyszowa\",\"isPartOf\":{\"@id\":\"https:\/\/parafiaprzyszowa.pl\/#website\"},\"datePublished\":\"2023-08-11T19:14:25+00:00\",\"dateModified\":\"2024-08-10T08:49:29+00:00\",\"breadcrumb\":{\"@id\":\"https:\/\/parafiaprzyszowa.pl\/index.php\/sakramenty\/chrzest\/#breadcrumb\"},\"inLanguage\":\"pl-PL\",\"potentialAction\":[{\"@type\":\"ReadAction\",\"target\":[\"https:\/\/parafiaprzyszowa.pl\/index.php\/sakramenty\/chrzest\/\"]}]},{\"@type\":\"BreadcrumbList\",\"@id\":\"https:\/\/parafiaprzyszowa.pl\/index.php\/sakramenty\/chrzest\/#breadcrumb\",\"itemListElement\":[{\"@type\":\"ListItem\",\"position\":1,\"name\":\"Strona g\u0142\u00f3wna\",\"item\":\"https:\/\/parafiaprzyszowa.pl\/\"},{\"@type\":\"ListItem\",\"position\":2,\"name\":\"Sakramenty\",\"item\":\"https:\/\/parafiaprzyszowa.pl\/index.php\/sakramenty\/\"},{\"@type\":\"ListItem\",\"position\":3,\"name\":\"Chrzest\"}]},{\"@type\":\"WebSite\",\"@id\":\"https:\/\/parafiaprzyszowa.pl\/#website\",\"url\":\"https:\/\/parafiaprzyszowa.pl\/\",\"name\":\"Parafia Przyszowa\",\"description\":\"Oficjalna strona Parafii pw. \u015bw. Miko\u0142aja Biskupa w Przyszowej\",\"potentialAction\":[{\"@type\":\"SearchAction\",\"target\":{\"@type\":\"EntryPoint\",\"urlTemplate\":\"https:\/\/parafiaprzyszowa.pl\/?s={search_term_string}\"},\"query-input\":\"required name=search_term_string\"}],\"inLanguage\":\"pl-PL\"}]}<\/script>\n<!-- \/ Yoast SEO plugin. -->","yoast_head_json":{"title":"Chrzest - Parafia Przyszowa","robots":{"index":"index","follow":"follow","max-snippet":"max-snippet:-1","max-image-preview":"max-image-preview:large","max-video-preview":"max-video-preview:-1"},"canonical":"https:\/\/parafiaprzyszowa.pl\/index.php\/sakramenty\/chrzest\/","og_locale":"pl_PL","og_type":"article","og_title":"Chrzest - Parafia Przyszowa","og_description":"Chrzest jest najpi\u0119kniejszym i najwspanialszym darem Boga. Nazywamy go darem, \u0142ask\u0105, namaszczeniem, o\u015bwieceniem, szat\u0105 niezniszczalno\u015bci, obmyciem odradzaj\u0105cym, piecz\u0119ci\u0105 i wszystkim, co mo\u017ce by\u0107 najcenniejsze. Darem \u2013 poniewa\u017c jest udzielany tym, kt\u00f3rzy nic nie przynosz\u0105; \u0142ask\u0105 \u2013 poniewa\u017c jest dawany nawet tym, kt\u00f3rzy zawinili; chrztem \u2013 poniewa\u017c grzech zostaje pogrzebany w wodzie; namaszczeniem \u2013 poniewa\u017c jest [&hellip;]","og_url":"https:\/\/parafiaprzyszowa.pl\/index.php\/sakramenty\/chrzest\/","og_site_name":"Parafia Przyszowa","article_modified_time":"2024-08-10T08:49:29+00:00","twitter_card":"summary_large_image","twitter_misc":{"Szacowany czas czytania":"3 minuty"},"schema":{"@context":"https:\/\/schema.org","@graph":[{"@type":"WebPage","@id":"https:\/\/parafiaprzyszowa.pl\/index.php\/sakramenty\/chrzest\/","url":"https:\/\/parafiaprzyszowa.pl\/index.php\/sakramenty\/chrzest\/","name":"Chrzest - Parafia Przyszowa","isPartOf":{"@id":"https:\/\/parafiaprzyszowa.pl\/#website"},"datePublished":"2023-08-11T19:14:25+00:00","dateModified":"2024-08-10T08:49:29+00:00","breadcrumb":{"@id":"https:\/\/parafiaprzyszowa.pl\/index.php\/sakramenty\/chrzest\/#breadcrumb"},"inLanguage":"pl-PL","potentialAction":[{"@type":"ReadAction","target":["https:\/\/parafiaprzyszowa.pl\/index.php\/sakramenty\/chrzest\/"]}]},{"@type":"BreadcrumbList","@id":"https:\/\/parafiaprzyszowa.pl\/index.php\/sakramenty\/chrzest\/#breadcrumb","itemListElement":[{"@type":"ListItem","position":1,"name":"Strona g\u0142\u00f3wna","item":"https:\/\/parafiaprzyszowa.pl\/"},{"@type":"ListItem","position":2,"name":"Sakramenty","item":"https:\/\/parafiaprzyszowa.pl\/index.php\/sakramenty\/"},{"@type":"ListItem","position":3,"name":"Chrzest"}]},{"@type":"WebSite","@id":"https:\/\/parafiaprzyszowa.pl\/#website","url":"https:\/\/parafiaprzyszowa.pl\/","name":"Parafia Przyszowa","description":"Oficjalna strona Parafii pw. \u015bw. Miko\u0142aja Biskupa w Przyszowej","potentialAction":[{"@type":"SearchAction","target":{"@type":"EntryPoint","urlTemplate":"https:\/\/parafiaprzyszowa.pl\/?s={search_term_string}"},"query-input":"required name=search_term_string"}],"inLanguage":"pl-PL"}]}},"_links":{"self":[{"href":"https:\/\/parafiaprzyszowa.pl\/index.php\/wp-json\/wp\/v2\/pages\/4521","targetHints":{"allow":["GET"]}}],"collection":[{"href":"https:\/\/parafiaprzyszowa.pl\/index.php\/wp-json\/wp\/v2\/pages"}],"about":[{"href":"https:\/\/parafiaprzyszowa.pl\/index.php\/wp-json\/wp\/v2\/types\/page"}],"author":[{"embeddable":true,"href":"https:\/\/parafiaprzyszowa.pl\/index.php\/wp-json\/wp\/v2\/users\/2"}],"replies":[{"embeddable":true,"href":"https:\/\/parafiaprzyszowa.pl\/index.php\/wp-json\/wp\/v2\/comments?post=4521"}],"version-history":[{"count":5,"href":"https:\/\/parafiaprzyszowa.pl\/index.php\/wp-json\/wp\/v2\/pages\/4521\/revisions"}],"predecessor-version":[{"id":5848,"href":"https:\/\/parafiaprzyszowa.pl\/index.php\/wp-json\/wp\/v2\/pages\/4521\/revisions\/5848"}],"up":[{"embeddable":true,"href":"https:\/\/parafiaprzyszowa.pl\/index.php\/wp-json\/wp\/v2\/pages\/237"}],"wp:attachment":[{"href":"https:\/\/parafiaprzyszowa.pl\/index.php\/wp-json\/wp\/v2\/media?parent=4521"}],"curies":[{"name":"wp","href":"https:\/\/api.w.org\/{rel}","templated":true}]}}