{"id":1371,"date":"2019-04-14T17:56:26","date_gmt":"2019-04-14T15:56:26","guid":{"rendered":"http:\/\/parafiaprzyszowa.pl\/?page_id=1371"},"modified":"2019-04-14T17:56:26","modified_gmt":"2019-04-14T15:56:26","slug":"kultura","status":"publish","type":"page","link":"https:\/\/parafiaprzyszowa.pl\/index.php\/kultura\/","title":{"rendered":"Kultura"},"content":{"rendered":"<h2>Kultura<\/h2>\n<p>\u00a0Przyszowa jest dynamicznie rozwijaj\u0105cym si\u0119 o\u015brodkiem kultury Lach\u00f3w S\u0105deckich. Najwi\u0119ksz\u0105 chlub\u0105 mieszka\u0144c\u00f3w jest odnosz\u0105cy mi\u0119dzynarodowe sukcesy zesp\u00f3\u0142 regionalny <i>Przyszowianie<\/i>, dzia\u0142aj\u0105cy od 2001 roku<sup>1<\/sup> i prezentuj\u0105cy zwyczaje, obrz\u0119dy i ta\u0144ce Lach\u00f3w S\u0105deckich. R\u00f3wnie\u017c w s\u0105siedniej miejscowo\u015bci Stronie w roku 2007 powsta\u0142 zesp\u00f3\u0142 regionalny <i>Dolina S\u0142omki<\/i>, sk\u0142adaj\u0105cy si\u0119 z grup dzieci w r\u00f3\u017cnym wieku oraz grupy starost\u00f3w, kultywuj\u0105cy tradycje Lach\u00f3w S\u0105deckich i odnosz\u0105cy sukcesy na wielu festiwalach<sup>2<\/sup>. Zespo\u0142y czynnie uczestnicz\u0105 w \u017cyciu parafii, u\u015bwietniaj\u0105c uroczysto\u015bci ko\u015bcielne oraz organizuj\u0105c wydarzenia kulturalne, takie jak Jase\u0142ka Bo\u017conarodzeniowe. W parafii dzia\u0142a tak\u017ce grupa teatralna i schola prowadzona przez siostry zakonne. \u00a0<\/p>\n<p>\u00a0Przyszowa jest ojczyzn\u0105 znanych postaci \u2013 <b>Faustyna \u017buk-Skarszewskiego<\/b> urodzonego w roku 1819 poety i s\u0105deckiego polityka oraz <b>Tadeusza \u017buk-Skarszewskiego<\/b>, powie\u015bciopisarza i publicysty urodzonego w 1858r.<sup>3<\/sup> Z Przyszowej pochodzi r\u00f3wnie\u017c s\u0142ynny malarz, teoretyk sztuki, kolorysta, poeta i dramatopisarz, cz\u0142onek pierwszej polskiej grupy awangardowej lat dwudziestych; formi\u015bci \u2013 <b>Tytus Czy\u017cewski<\/b>. Urodzony w roku 1880 i dorastaj\u0105cy w Przyszowej Czy\u017cewski, sam wspomina\u0142, \u017ce jego pierwsze spotkanie ze sztuk\u0105 nast\u0105pi\u0142o w ko\u015bciele parafialnym. Odzwierciedla si\u0119 to w jego malarstwie przedstawiaj\u0105cym dwa oblicza sztuki g\u00f3ralskiej \u2013 Matk\u0119 Bosk\u0105 i zb\u00f3jnik\u00f3w. <\/p>\n<p>\u00a0O Przyszowej, a dok\u0142adnie o figurze Madonny Tronuj\u0105cej znajduj\u0105cej si\u0119 w ko\u015bciele parafialnym pisa\u0142 polski poeta Jerzy Harasymowicz. W swoim tomiku wierszy z roku 1969 <i>Madonny Polskie<\/i>, zafascynowany przyszowsk\u0105 Madonn\u0105, obwo\u0142a\u0142 Matk\u0119 \u201eS\u0142owian Giocond\u0105\u201d.<sup>4<\/sup><\/p>\n<hr \/>\n<p><sup>1<\/sup> <a href=\"http:\/\/www.przyszowianie.pl\">http:\/\/www.przyszowianie.pl<\/a><br \/><sup>2<\/sup> <a href=\"http:\/\/www.ratujmytradycje.pl\">http:\/\/www.ratujmytradycje.pl<\/a><br \/><sup>3<\/sup> H. Dro\u017cd\u017c-K\u0119ska, \u017buk-Skarszewscy z Przyszowej, [w:] Almanach Ziemi Limanowskiej, Limanowa 2002, nr. 11.<br \/><sup>4<\/sup> J. Harasymowicz, Madonny Polskie, Warszawa 1969.<\/p>\n","protected":false},"excerpt":{"rendered":"<p>Kultura \u00a0Przyszowa jest dynamicznie rozwijaj\u0105cym si\u0119 o\u015brodkiem kultury Lach\u00f3w S\u0105deckich. Najwi\u0119ksz\u0105 chlub\u0105 mieszka\u0144c\u00f3w jest odnosz\u0105cy mi\u0119dzynarodowe sukcesy zesp\u00f3\u0142 regionalny Przyszowianie, dzia\u0142aj\u0105cy od 2001 roku1 i prezentuj\u0105cy zwyczaje, obrz\u0119dy i ta\u0144ce Lach\u00f3w S\u0105deckich. R\u00f3wnie\u017c w s\u0105siedniej miejscowo\u015bci Stronie w roku 2007 powsta\u0142 zesp\u00f3\u0142 regionalny Dolina S\u0142omki, sk\u0142adaj\u0105cy si\u0119 z grup dzieci w r\u00f3\u017cnym wieku oraz grupy [&hellip;]<\/p>\n","protected":false},"author":1,"featured_media":0,"parent":0,"menu_order":0,"comment_status":"closed","ping_status":"closed","template":"","meta":{"footnotes":""},"class_list":["post-1371","page","type-page","status-publish","hentry"],"yoast_head":"<!-- This site is optimized with the Yoast SEO plugin v20.4 - https:\/\/yoast.com\/wordpress\/plugins\/seo\/ -->\n<title>Kultura - Parafia Przyszowa<\/title>\n<meta name=\"robots\" content=\"index, follow, max-snippet:-1, max-image-preview:large, max-video-preview:-1\" \/>\n<link rel=\"canonical\" href=\"https:\/\/parafiaprzyszowa.pl\/index.php\/kultura\/\" \/>\n<meta property=\"og:locale\" content=\"pl_PL\" \/>\n<meta property=\"og:type\" content=\"article\" \/>\n<meta property=\"og:title\" content=\"Kultura - Parafia Przyszowa\" \/>\n<meta property=\"og:description\" content=\"Kultura \u00a0Przyszowa jest dynamicznie rozwijaj\u0105cym si\u0119 o\u015brodkiem kultury Lach\u00f3w S\u0105deckich. Najwi\u0119ksz\u0105 chlub\u0105 mieszka\u0144c\u00f3w jest odnosz\u0105cy mi\u0119dzynarodowe sukcesy zesp\u00f3\u0142 regionalny Przyszowianie, dzia\u0142aj\u0105cy od 2001 roku1 i prezentuj\u0105cy zwyczaje, obrz\u0119dy i ta\u0144ce Lach\u00f3w S\u0105deckich. R\u00f3wnie\u017c w s\u0105siedniej miejscowo\u015bci Stronie w roku 2007 powsta\u0142 zesp\u00f3\u0142 regionalny Dolina S\u0142omki, sk\u0142adaj\u0105cy si\u0119 z grup dzieci w r\u00f3\u017cnym wieku oraz grupy [&hellip;]\" \/>\n<meta property=\"og:url\" content=\"https:\/\/parafiaprzyszowa.pl\/index.php\/kultura\/\" \/>\n<meta property=\"og:site_name\" content=\"Parafia Przyszowa\" \/>\n<meta name=\"twitter:card\" content=\"summary_large_image\" \/>\n<meta name=\"twitter:label1\" content=\"Szacowany czas czytania\" \/>\n\t<meta name=\"twitter:data1\" content=\"1 minuta\" \/>\n<script type=\"application\/ld+json\" class=\"yoast-schema-graph\">{\"@context\":\"https:\/\/schema.org\",\"@graph\":[{\"@type\":\"WebPage\",\"@id\":\"https:\/\/parafiaprzyszowa.pl\/index.php\/kultura\/\",\"url\":\"https:\/\/parafiaprzyszowa.pl\/index.php\/kultura\/\",\"name\":\"Kultura - Parafia Przyszowa\",\"isPartOf\":{\"@id\":\"https:\/\/parafiaprzyszowa.pl\/#website\"},\"datePublished\":\"2019-04-14T15:56:26+00:00\",\"dateModified\":\"2019-04-14T15:56:26+00:00\",\"breadcrumb\":{\"@id\":\"https:\/\/parafiaprzyszowa.pl\/index.php\/kultura\/#breadcrumb\"},\"inLanguage\":\"pl-PL\",\"potentialAction\":[{\"@type\":\"ReadAction\",\"target\":[\"https:\/\/parafiaprzyszowa.pl\/index.php\/kultura\/\"]}]},{\"@type\":\"BreadcrumbList\",\"@id\":\"https:\/\/parafiaprzyszowa.pl\/index.php\/kultura\/#breadcrumb\",\"itemListElement\":[{\"@type\":\"ListItem\",\"position\":1,\"name\":\"Strona g\u0142\u00f3wna\",\"item\":\"https:\/\/parafiaprzyszowa.pl\/\"},{\"@type\":\"ListItem\",\"position\":2,\"name\":\"Kultura\"}]},{\"@type\":\"WebSite\",\"@id\":\"https:\/\/parafiaprzyszowa.pl\/#website\",\"url\":\"https:\/\/parafiaprzyszowa.pl\/\",\"name\":\"Parafia Przyszowa\",\"description\":\"Oficjalna strona Parafii pw. \u015bw. Miko\u0142aja Biskupa w Przyszowej\",\"potentialAction\":[{\"@type\":\"SearchAction\",\"target\":{\"@type\":\"EntryPoint\",\"urlTemplate\":\"https:\/\/parafiaprzyszowa.pl\/?s={search_term_string}\"},\"query-input\":\"required name=search_term_string\"}],\"inLanguage\":\"pl-PL\"}]}<\/script>\n<!-- \/ Yoast SEO plugin. -->","yoast_head_json":{"title":"Kultura - Parafia Przyszowa","robots":{"index":"index","follow":"follow","max-snippet":"max-snippet:-1","max-image-preview":"max-image-preview:large","max-video-preview":"max-video-preview:-1"},"canonical":"https:\/\/parafiaprzyszowa.pl\/index.php\/kultura\/","og_locale":"pl_PL","og_type":"article","og_title":"Kultura - Parafia Przyszowa","og_description":"Kultura \u00a0Przyszowa jest dynamicznie rozwijaj\u0105cym si\u0119 o\u015brodkiem kultury Lach\u00f3w S\u0105deckich. Najwi\u0119ksz\u0105 chlub\u0105 mieszka\u0144c\u00f3w jest odnosz\u0105cy mi\u0119dzynarodowe sukcesy zesp\u00f3\u0142 regionalny Przyszowianie, dzia\u0142aj\u0105cy od 2001 roku1 i prezentuj\u0105cy zwyczaje, obrz\u0119dy i ta\u0144ce Lach\u00f3w S\u0105deckich. R\u00f3wnie\u017c w s\u0105siedniej miejscowo\u015bci Stronie w roku 2007 powsta\u0142 zesp\u00f3\u0142 regionalny Dolina S\u0142omki, sk\u0142adaj\u0105cy si\u0119 z grup dzieci w r\u00f3\u017cnym wieku oraz grupy [&hellip;]","og_url":"https:\/\/parafiaprzyszowa.pl\/index.php\/kultura\/","og_site_name":"Parafia Przyszowa","twitter_card":"summary_large_image","twitter_misc":{"Szacowany czas czytania":"1 minuta"},"schema":{"@context":"https:\/\/schema.org","@graph":[{"@type":"WebPage","@id":"https:\/\/parafiaprzyszowa.pl\/index.php\/kultura\/","url":"https:\/\/parafiaprzyszowa.pl\/index.php\/kultura\/","name":"Kultura - Parafia Przyszowa","isPartOf":{"@id":"https:\/\/parafiaprzyszowa.pl\/#website"},"datePublished":"2019-04-14T15:56:26+00:00","dateModified":"2019-04-14T15:56:26+00:00","breadcrumb":{"@id":"https:\/\/parafiaprzyszowa.pl\/index.php\/kultura\/#breadcrumb"},"inLanguage":"pl-PL","potentialAction":[{"@type":"ReadAction","target":["https:\/\/parafiaprzyszowa.pl\/index.php\/kultura\/"]}]},{"@type":"BreadcrumbList","@id":"https:\/\/parafiaprzyszowa.pl\/index.php\/kultura\/#breadcrumb","itemListElement":[{"@type":"ListItem","position":1,"name":"Strona g\u0142\u00f3wna","item":"https:\/\/parafiaprzyszowa.pl\/"},{"@type":"ListItem","position":2,"name":"Kultura"}]},{"@type":"WebSite","@id":"https:\/\/parafiaprzyszowa.pl\/#website","url":"https:\/\/parafiaprzyszowa.pl\/","name":"Parafia Przyszowa","description":"Oficjalna strona Parafii pw. \u015bw. Miko\u0142aja Biskupa w Przyszowej","potentialAction":[{"@type":"SearchAction","target":{"@type":"EntryPoint","urlTemplate":"https:\/\/parafiaprzyszowa.pl\/?s={search_term_string}"},"query-input":"required name=search_term_string"}],"inLanguage":"pl-PL"}]}},"_links":{"self":[{"href":"https:\/\/parafiaprzyszowa.pl\/index.php\/wp-json\/wp\/v2\/pages\/1371","targetHints":{"allow":["GET"]}}],"collection":[{"href":"https:\/\/parafiaprzyszowa.pl\/index.php\/wp-json\/wp\/v2\/pages"}],"about":[{"href":"https:\/\/parafiaprzyszowa.pl\/index.php\/wp-json\/wp\/v2\/types\/page"}],"author":[{"embeddable":true,"href":"https:\/\/parafiaprzyszowa.pl\/index.php\/wp-json\/wp\/v2\/users\/1"}],"replies":[{"embeddable":true,"href":"https:\/\/parafiaprzyszowa.pl\/index.php\/wp-json\/wp\/v2\/comments?post=1371"}],"version-history":[{"count":0,"href":"https:\/\/parafiaprzyszowa.pl\/index.php\/wp-json\/wp\/v2\/pages\/1371\/revisions"}],"wp:attachment":[{"href":"https:\/\/parafiaprzyszowa.pl\/index.php\/wp-json\/wp\/v2\/media?parent=1371"}],"curies":[{"name":"wp","href":"https:\/\/api.w.org\/{rel}","templated":true}]}}