{"id":1365,"date":"2019-04-14T17:46:19","date_gmt":"2019-04-14T15:46:19","guid":{"rendered":"http:\/\/parafiaprzyszowa.pl\/?page_id=1365"},"modified":"2019-04-14T17:46:19","modified_gmt":"2019-04-14T15:46:19","slug":"miejscowosc","status":"publish","type":"page","link":"https:\/\/parafiaprzyszowa.pl\/index.php\/miejscowosc\/","title":{"rendered":"Miejscowo\u015b\u0107"},"content":{"rendered":"<h2>Miejscowo\u015b\u0107<\/h2>\t\t\n\t\t\n\n<p>\u00a0Wie\u015b Przyszowa po\u0142o\u017cona na po\u0142udniu Polski to miejscowo\u015b\u0107 s\u0142yn\u0105ca z przepi\u0119knych krajobraz\u00f3w oraz zabytk\u00f3w architektury. \u00a0Znajduje si\u0119 ona w gminie \u0141ukowica, nale\u017c\u0105cej do powiatu limanowskiego i wojew\u00f3dztwa ma\u0142opolskiego. <em>Wie\u015b malowniczo rozci\u0105ga si\u0119 w dolinie rzeki S\u0142omki<\/em><sup>1<\/sup>, b\u0119d\u0105cej lewym dop\u0142ywem Dunajca, a po obu jej stronach wznosz\u0105 si\u0119 pasma Beskidu Wyspowego. S\u0105 to <em>od strony zachodniej: Kuklacz (672 m.n.p.m.), \u0141y\u017cka (807 m.n.p.m.), P\u0119p\u00f3wka (777 m.n.p.m.) oraz B\u0105kowiec(595 m.n.p.m.), a od strony po\u0142udniowo-wschodniej wzg\u00f3rza dzia\u0142u Kaniny(595 m.n.p.m.) i Okr\u0119glica(605 m.n.p.m.).<\/em><sup>2<\/sup><\/p>\n\n\n<p>\u00a0Wie\u015b Przyszowa jest jedn\u0105 z najstarszych miejscowo\u015bci powiatu limanowskiego. Pierwsze wzmianki o przyszowskiej osadzie si\u0119gaj\u0105 XIV wieku, kiedy to w roku 1326 powsta\u0142a parafia, pierwotnie jako fundacja rycerska.<sup>3<\/sup> Jan D\u0142ugosz w <em>Kronice<\/em> zamie\u015bci\u0142 wpis o istnieniu na terenie Przyszowej drewnianego, konsekrowanego ko\u015bcio\u0142a, kt\u00f3rego fundatorem by\u0142 <em>Janik Gryfita wnuk Wierzbi\u0119ty z Przyszowej<\/em><sup>4<\/sup>. Wed\u0142ug D\u0142ugosza r\u00f3d Wierzbi\u0119t\u00f3w herbu Janina by\u0142 pierwszym historycznym w\u0142a\u015bcicielem Przyszowej.<\/p><p>&nbsp;<\/p>\n<hr \/>\n<p><sup>1<\/sup> M. Szewczyk, Parafia Przyszowa w latach 1918-2006, Rzesz\u00f3w 2011, s. 12.<br \/><sup>2<\/sup> Tam\u017ce, s.12.<br \/><sup>3<\/sup> B. Kumor, Powstanie i rozw\u00f3j organizacji ko\u015bcielnej w Ma\u0142opolsce Po\u0142udniowej do ko\u0144ca XVI wieku, Lublin 1960, s. 523-524.<br \/><sup>4<\/sup> S. Morawski, S\u0105decczyzna za Jagiellon\u00f3w, T.2 (2008), s. 359.<br \/><\/p>\n","protected":false},"excerpt":{"rendered":"<p>Miejscowo\u015b\u0107 \u00a0Wie\u015b Przyszowa po\u0142o\u017cona na po\u0142udniu Polski to miejscowo\u015b\u0107 s\u0142yn\u0105ca z przepi\u0119knych krajobraz\u00f3w oraz zabytk\u00f3w architektury. \u00a0Znajduje si\u0119 ona w gminie \u0141ukowica, nale\u017c\u0105cej do powiatu limanowskiego i wojew\u00f3dztwa ma\u0142opolskiego. Wie\u015b malowniczo rozci\u0105ga si\u0119 w dolinie rzeki S\u0142omki1, b\u0119d\u0105cej lewym dop\u0142ywem Dunajca, a po obu jej stronach wznosz\u0105 si\u0119 pasma Beskidu Wyspowego. S\u0105 to od strony [&hellip;]<\/p>\n","protected":false},"author":1,"featured_media":0,"parent":0,"menu_order":0,"comment_status":"closed","ping_status":"closed","template":"","meta":{"footnotes":""},"class_list":["post-1365","page","type-page","status-publish","hentry"],"yoast_head":"<!-- This site is optimized with the Yoast SEO plugin v20.4 - https:\/\/yoast.com\/wordpress\/plugins\/seo\/ -->\n<title>Miejscowo\u015b\u0107 - Parafia Przyszowa<\/title>\n<meta name=\"robots\" content=\"index, follow, max-snippet:-1, max-image-preview:large, max-video-preview:-1\" \/>\n<link rel=\"canonical\" href=\"https:\/\/parafiaprzyszowa.pl\/index.php\/miejscowosc\/\" \/>\n<meta property=\"og:locale\" content=\"pl_PL\" \/>\n<meta property=\"og:type\" content=\"article\" \/>\n<meta property=\"og:title\" content=\"Miejscowo\u015b\u0107 - Parafia Przyszowa\" \/>\n<meta property=\"og:description\" content=\"Miejscowo\u015b\u0107 \u00a0Wie\u015b Przyszowa po\u0142o\u017cona na po\u0142udniu Polski to miejscowo\u015b\u0107 s\u0142yn\u0105ca z przepi\u0119knych krajobraz\u00f3w oraz zabytk\u00f3w architektury. \u00a0Znajduje si\u0119 ona w gminie \u0141ukowica, nale\u017c\u0105cej do powiatu limanowskiego i wojew\u00f3dztwa ma\u0142opolskiego. Wie\u015b malowniczo rozci\u0105ga si\u0119 w dolinie rzeki S\u0142omki1, b\u0119d\u0105cej lewym dop\u0142ywem Dunajca, a po obu jej stronach wznosz\u0105 si\u0119 pasma Beskidu Wyspowego. S\u0105 to od strony [&hellip;]\" \/>\n<meta property=\"og:url\" content=\"https:\/\/parafiaprzyszowa.pl\/index.php\/miejscowosc\/\" \/>\n<meta property=\"og:site_name\" content=\"Parafia Przyszowa\" \/>\n<meta name=\"twitter:card\" content=\"summary_large_image\" \/>\n<meta name=\"twitter:label1\" content=\"Szacowany czas czytania\" \/>\n\t<meta name=\"twitter:data1\" content=\"1 minuta\" \/>\n<script type=\"application\/ld+json\" class=\"yoast-schema-graph\">{\"@context\":\"https:\/\/schema.org\",\"@graph\":[{\"@type\":\"WebPage\",\"@id\":\"https:\/\/parafiaprzyszowa.pl\/index.php\/miejscowosc\/\",\"url\":\"https:\/\/parafiaprzyszowa.pl\/index.php\/miejscowosc\/\",\"name\":\"Miejscowo\u015b\u0107 - Parafia Przyszowa\",\"isPartOf\":{\"@id\":\"https:\/\/parafiaprzyszowa.pl\/#website\"},\"datePublished\":\"2019-04-14T15:46:19+00:00\",\"dateModified\":\"2019-04-14T15:46:19+00:00\",\"breadcrumb\":{\"@id\":\"https:\/\/parafiaprzyszowa.pl\/index.php\/miejscowosc\/#breadcrumb\"},\"inLanguage\":\"pl-PL\",\"potentialAction\":[{\"@type\":\"ReadAction\",\"target\":[\"https:\/\/parafiaprzyszowa.pl\/index.php\/miejscowosc\/\"]}]},{\"@type\":\"BreadcrumbList\",\"@id\":\"https:\/\/parafiaprzyszowa.pl\/index.php\/miejscowosc\/#breadcrumb\",\"itemListElement\":[{\"@type\":\"ListItem\",\"position\":1,\"name\":\"Strona g\u0142\u00f3wna\",\"item\":\"https:\/\/parafiaprzyszowa.pl\/\"},{\"@type\":\"ListItem\",\"position\":2,\"name\":\"Miejscowo\u015b\u0107\"}]},{\"@type\":\"WebSite\",\"@id\":\"https:\/\/parafiaprzyszowa.pl\/#website\",\"url\":\"https:\/\/parafiaprzyszowa.pl\/\",\"name\":\"Parafia Przyszowa\",\"description\":\"Oficjalna strona Parafii pw. \u015bw. Miko\u0142aja Biskupa w Przyszowej\",\"potentialAction\":[{\"@type\":\"SearchAction\",\"target\":{\"@type\":\"EntryPoint\",\"urlTemplate\":\"https:\/\/parafiaprzyszowa.pl\/?s={search_term_string}\"},\"query-input\":\"required name=search_term_string\"}],\"inLanguage\":\"pl-PL\"}]}<\/script>\n<!-- \/ Yoast SEO plugin. -->","yoast_head_json":{"title":"Miejscowo\u015b\u0107 - Parafia Przyszowa","robots":{"index":"index","follow":"follow","max-snippet":"max-snippet:-1","max-image-preview":"max-image-preview:large","max-video-preview":"max-video-preview:-1"},"canonical":"https:\/\/parafiaprzyszowa.pl\/index.php\/miejscowosc\/","og_locale":"pl_PL","og_type":"article","og_title":"Miejscowo\u015b\u0107 - Parafia Przyszowa","og_description":"Miejscowo\u015b\u0107 \u00a0Wie\u015b Przyszowa po\u0142o\u017cona na po\u0142udniu Polski to miejscowo\u015b\u0107 s\u0142yn\u0105ca z przepi\u0119knych krajobraz\u00f3w oraz zabytk\u00f3w architektury. \u00a0Znajduje si\u0119 ona w gminie \u0141ukowica, nale\u017c\u0105cej do powiatu limanowskiego i wojew\u00f3dztwa ma\u0142opolskiego. Wie\u015b malowniczo rozci\u0105ga si\u0119 w dolinie rzeki S\u0142omki1, b\u0119d\u0105cej lewym dop\u0142ywem Dunajca, a po obu jej stronach wznosz\u0105 si\u0119 pasma Beskidu Wyspowego. S\u0105 to od strony [&hellip;]","og_url":"https:\/\/parafiaprzyszowa.pl\/index.php\/miejscowosc\/","og_site_name":"Parafia Przyszowa","twitter_card":"summary_large_image","twitter_misc":{"Szacowany czas czytania":"1 minuta"},"schema":{"@context":"https:\/\/schema.org","@graph":[{"@type":"WebPage","@id":"https:\/\/parafiaprzyszowa.pl\/index.php\/miejscowosc\/","url":"https:\/\/parafiaprzyszowa.pl\/index.php\/miejscowosc\/","name":"Miejscowo\u015b\u0107 - Parafia Przyszowa","isPartOf":{"@id":"https:\/\/parafiaprzyszowa.pl\/#website"},"datePublished":"2019-04-14T15:46:19+00:00","dateModified":"2019-04-14T15:46:19+00:00","breadcrumb":{"@id":"https:\/\/parafiaprzyszowa.pl\/index.php\/miejscowosc\/#breadcrumb"},"inLanguage":"pl-PL","potentialAction":[{"@type":"ReadAction","target":["https:\/\/parafiaprzyszowa.pl\/index.php\/miejscowosc\/"]}]},{"@type":"BreadcrumbList","@id":"https:\/\/parafiaprzyszowa.pl\/index.php\/miejscowosc\/#breadcrumb","itemListElement":[{"@type":"ListItem","position":1,"name":"Strona g\u0142\u00f3wna","item":"https:\/\/parafiaprzyszowa.pl\/"},{"@type":"ListItem","position":2,"name":"Miejscowo\u015b\u0107"}]},{"@type":"WebSite","@id":"https:\/\/parafiaprzyszowa.pl\/#website","url":"https:\/\/parafiaprzyszowa.pl\/","name":"Parafia Przyszowa","description":"Oficjalna strona Parafii pw. \u015bw. Miko\u0142aja Biskupa w Przyszowej","potentialAction":[{"@type":"SearchAction","target":{"@type":"EntryPoint","urlTemplate":"https:\/\/parafiaprzyszowa.pl\/?s={search_term_string}"},"query-input":"required name=search_term_string"}],"inLanguage":"pl-PL"}]}},"_links":{"self":[{"href":"https:\/\/parafiaprzyszowa.pl\/index.php\/wp-json\/wp\/v2\/pages\/1365","targetHints":{"allow":["GET"]}}],"collection":[{"href":"https:\/\/parafiaprzyszowa.pl\/index.php\/wp-json\/wp\/v2\/pages"}],"about":[{"href":"https:\/\/parafiaprzyszowa.pl\/index.php\/wp-json\/wp\/v2\/types\/page"}],"author":[{"embeddable":true,"href":"https:\/\/parafiaprzyszowa.pl\/index.php\/wp-json\/wp\/v2\/users\/1"}],"replies":[{"embeddable":true,"href":"https:\/\/parafiaprzyszowa.pl\/index.php\/wp-json\/wp\/v2\/comments?post=1365"}],"version-history":[{"count":0,"href":"https:\/\/parafiaprzyszowa.pl\/index.php\/wp-json\/wp\/v2\/pages\/1365\/revisions"}],"wp:attachment":[{"href":"https:\/\/parafiaprzyszowa.pl\/index.php\/wp-json\/wp\/v2\/media?parent=1365"}],"curies":[{"name":"wp","href":"https:\/\/api.w.org\/{rel}","templated":true}]}}